{"id":3376,"date":"2023-06-27T01:10:56","date_gmt":"2023-06-27T01:10:56","guid":{"rendered":"https:\/\/www.fics.com.mx\/nova-test\/?post_type=product&#038;p=3376"},"modified":"2023-06-27T01:14:02","modified_gmt":"2023-06-27T01:14:02","slug":"lifting-bag-2s-levantamiento","status":"publish","type":"product","link":"https:\/\/www.fics.com.mx\/nova-test\/product\/lifting-bag-2s-levantamiento\/","title":{"rendered":"Lifting BAG 2s (Levantamiento)"},"content":{"rendered":"<p><strong>Lifting BAG 2s<br \/>\n<\/strong><\/p>\n<p>La bolsa de elevaci\u00f3n Scorp\u00b4Air 2S es delgada y compacta. Es ideal para la elevaci\u00f3n horizontal y sin esfuerzo de cargas pesadas.<\/p>\n<p>Superficies planas que permiten el apilamiento de 3 bolsas, convirti\u00e9ndolo en la soluci\u00f3n mejor adaptada a cualquier situaci\u00f3n.<\/p>\n","protected":false},"excerpt":{"rendered":"<p><strong>Lifting BAG 2s<\/strong><\/p>\n<p>Estas bolsas se utilizan para levantar las cargas m\u00e1s pesadas, ya que ejercen su m\u00e1xima fuerza en un \u00e1rea concentrada. Soluci\u00f3n perfecta para levantar estructuras r\u00edgidas en espacios reducidos.<\/p>\n","protected":false},"featured_media":3111,"template":"","meta":[],"product_brand":[],"product_cat":[30],"product_tag":[],"class_list":{"0":"post-3376","1":"product","2":"type-product","3":"status-publish","4":"has-post-thumbnail","6":"product_cat-jscorpe-technologies","8":"first","9":"instock","10":"shipping-taxable","11":"product-type-simple"},"_links":{"self":[{"href":"https:\/\/www.fics.com.mx\/nova-test\/wp-json\/wp\/v2\/product\/3376","targetHints":{"allow":["GET"]}}],"collection":[{"href":"https:\/\/www.fics.com.mx\/nova-test\/wp-json\/wp\/v2\/product"}],"about":[{"href":"https:\/\/www.fics.com.mx\/nova-test\/wp-json\/wp\/v2\/types\/product"}],"wp:featuredmedia":[{"embeddable":true,"href":"https:\/\/www.fics.com.mx\/nova-test\/wp-json\/wp\/v2\/media\/3111"}],"wp:attachment":[{"href":"https:\/\/www.fics.com.mx\/nova-test\/wp-json\/wp\/v2\/media?parent=3376"}],"wp:term":[{"taxonomy":"product_brand","embeddable":true,"href":"https:\/\/www.fics.com.mx\/nova-test\/wp-json\/wp\/v2\/product_brand?post=3376"},{"taxonomy":"product_cat","embeddable":true,"href":"https:\/\/www.fics.com.mx\/nova-test\/wp-json\/wp\/v2\/product_cat?post=3376"},{"taxonomy":"product_tag","embeddable":true,"href":"https:\/\/www.fics.com.mx\/nova-test\/wp-json\/wp\/v2\/product_tag?post=3376"}],"curies":[{"name":"wp","href":"https:\/\/api.w.org\/{rel}","templated":true}]}}