{"id":3375,"date":"2023-06-27T01:06:33","date_gmt":"2023-06-27T01:06:33","guid":{"rendered":"https:\/\/www.fics.com.mx\/nova-test\/?post_type=product&#038;p=3375"},"modified":"2023-06-29T18:51:27","modified_gmt":"2023-06-29T18:51:27","slug":"lifting-bag-4s-levantamiento","status":"publish","type":"product","link":"https:\/\/www.fics.com.mx\/nova-test\/product\/lifting-bag-4s-levantamiento\/","title":{"rendered":"Lifting BAG 4s (Levantamiento)"},"content":{"rendered":"<p><strong>Lifting BAG 4s<br \/>\n<\/strong><\/p>\n<p>La nueva gama de cojines elevadores SCORP&#8217;AIR 4s dise\u00f1ada por Scorpe combina varias ventajas esenciales en operaciones de socorro como excavaciones de rescate, rescate en carretera y cualquier operaci\u00f3n de elevaci\u00f3n.<\/p>\n","protected":false},"excerpt":{"rendered":"<p><strong>Lifting BAG 4s<\/strong><\/p>\n<p>Ofrecen muchas ventajas: estabilidad, gran capacidad de elevaci\u00f3n, bajo espesor para una f\u00e1cil inserci\u00f3n en espacios reducidos, delgadas y r\u00edgidas para un f\u00e1cil almacenamiento, apilables y r\u00e1pidas de usar gracias a una ingeniosa placa de conexi\u00f3n.<\/p>\n<p>&nbsp;<\/p>\n<h3>Solicita una asesor\u00eda o cotizaci\u00f3n<\/h3>\n[wpforms id=\"3530\"]\n","protected":false},"featured_media":3110,"template":"","meta":[],"product_brand":[],"product_cat":[30],"product_tag":[],"class_list":{"0":"post-3375","1":"product","2":"type-product","3":"status-publish","4":"has-post-thumbnail","6":"product_cat-jscorpe-technologies","8":"first","9":"instock","10":"shipping-taxable","11":"product-type-simple"},"_links":{"self":[{"href":"https:\/\/www.fics.com.mx\/nova-test\/wp-json\/wp\/v2\/product\/3375","targetHints":{"allow":["GET"]}}],"collection":[{"href":"https:\/\/www.fics.com.mx\/nova-test\/wp-json\/wp\/v2\/product"}],"about":[{"href":"https:\/\/www.fics.com.mx\/nova-test\/wp-json\/wp\/v2\/types\/product"}],"wp:featuredmedia":[{"embeddable":true,"href":"https:\/\/www.fics.com.mx\/nova-test\/wp-json\/wp\/v2\/media\/3110"}],"wp:attachment":[{"href":"https:\/\/www.fics.com.mx\/nova-test\/wp-json\/wp\/v2\/media?parent=3375"}],"wp:term":[{"taxonomy":"product_brand","embeddable":true,"href":"https:\/\/www.fics.com.mx\/nova-test\/wp-json\/wp\/v2\/product_brand?post=3375"},{"taxonomy":"product_cat","embeddable":true,"href":"https:\/\/www.fics.com.mx\/nova-test\/wp-json\/wp\/v2\/product_cat?post=3375"},{"taxonomy":"product_tag","embeddable":true,"href":"https:\/\/www.fics.com.mx\/nova-test\/wp-json\/wp\/v2\/product_tag?post=3375"}],"curies":[{"name":"wp","href":"https:\/\/api.w.org\/{rel}","templated":true}]}}