{"id":3240,"date":"2023-06-25T22:01:11","date_gmt":"2023-06-25T22:01:11","guid":{"rendered":"https:\/\/www.fics.com.mx\/nova-test\/?page_id=3240"},"modified":"2023-07-13T18:21:26","modified_gmt":"2023-07-13T18:21:26","slug":"evm-equipamiento-de-vehiculos-para-emergencias-y-mobiliario-mudular-en-mexico","status":"publish","type":"page","link":"https:\/\/www.fics.com.mx\/nova-test\/evm-equipamiento-de-vehiculos-para-emergencias-y-mobiliario-mudular-en-mexico\/","title":{"rendered":"EVM &#8211; Equipamiento Veh\u00edcular en M\u00e9xico"},"content":{"rendered":"<div class=\"wpb-content-wrapper\"><p>[vc_row full_height=\u00bbyes\u00bb rt_row_background_width=\u00bbfullwidth\u00bb rt_row_content_width=\u00bbdefault\u00bb rt_row_style=\u00bbdefault-style\u00bb rt_column_placement=\u00bbmiddle\u00bb rt_row_borders=\u00bb\u00bb rt_grid=\u00bbtrue\u00bb rt_row_paddings=\u00bbtrue\u00bb rt_bg_image=\u00bb3629&#8243; rt_bg_effect=\u00bbparallax\u00bb rt_bg_parallax_effect=\u00bb3&#8243; rt_pspeed=\u00bb1&#8243; rt_bg_image_repeat=\u00bbno-repeat\u00bb rt_bg_size=\u00bbcover\u00bb rt_bg_position=\u00bbcenter bottom\u00bb rt_bg_video_format=\u00bbself-hosted\u00bb rt_padding_top=\u00bb220&#8243; rt_padding_bottom=\u00bb80&#8243; rt_padding_left=\u00bb0&#8243; rt_padding_right=\u00bb0&#8243; rt_bg_overlay_color=\u00bbrgba(10,10,10,0.25)\u00bb][vc_column width=\u00bb2\/3&#8243; rt_wrp_col_paddings=\u00bbfalse\u00bb rt_border_top=\u00bb\u00bb rt_border_bottom=\u00bb\u00bb rt_border_left=\u00bb\u00bb rt_border_right=\u00bb\u00bb rt_border_top_mobile=\u00bb\u00bb rt_border_bottom_mobile=\u00bb\u00bb rt_border_left_mobile=\u00bb\u00bb rt_border_right_mobile=\u00bb\u00bb rt_bg_image_repeat=\u00bbrepeat\u00bb rt_bg_size=\u00bbauto auto\u00bb rt_bg_position=\u00bbright top\u00bb rt_bg_attachment=\u00bbscroll\u00bb rt_padding_top=\u00bb80&#8243; rt_padding_bottom=\u00bb80&#8243; rt_padding_left=\u00bb40&#8243; rt_padding_right=\u00bb40&#8243; rt_bg_color=\u00bbrgba(0,0,0,0)\u00bb][vc_single_image image=\u00bb3799&#8243; img_size=\u00bbmedium\u00bb alignment=\u00bbcenter\u00bb][vc_empty_space height=\u00bb5px\u00bb]<div class=\"rt_heading_wrapper style-7\">\n\t\t\t\t\t\t<h1 class=\"rt_heading  aligncenter secondary-font style-7\"  style=\"font-size:20px;color:#ffffff;letter-spacing:4px;\">EVM Equipamiento Veh\u00edcular en M\u00e9xico<\/h1>\n\t\t\t\t\t<\/div><div class=\"rt_heading_wrapper style-7\">\n\t\t\t\t\t\t<h1 class=\"rt_heading  aligncenter style-7\"  style=\"font-size:66px;color:#ffffff;\" data-maxfont-size=\"66\" data-minfont-size=\"40\">Veh\u00edculos de Ataque R\u00e1pido (VAR)<\/h1>\n\t\t\t\t\t<\/div>[vc_empty_space]<div class=\"button_wrapper  aligncenter\"><a  href=\"https:\/\/www.fics.com.mx\/nova-test\/product\/equipamiento-vehiculaar\/\" target=\"_self\" title=\"Cotizar o Solicitar Asesor\u00eda\" class=\"button_  heading-font custom medium\" style=\"color:#ffffff;background-color:transparent;border-width:3px;padding-left:40px;padding-right:40px;\" data-hover-style=\"color:#ffffff !important;background-color:#d02424 !important;border-color:#d02424 !important;\"><span class=\"icon-angle-right\"><\/span>Cotizar o Solicitar Asesor\u00eda<\/a><\/div>[\/vc_column][vc_column width=\u00bb1\/3&#8243; rt_color_set=\u00bbdefault-style\u00bb rt_wrp_col_paddings=\u00bbfalse\u00bb rt_border_top=\u00bb\u00bb rt_border_bottom=\u00bb\u00bb rt_border_left=\u00bb\u00bb rt_border_right=\u00bb\u00bb rt_border_top_mobile=\u00bb\u00bb rt_border_bottom_mobile=\u00bb\u00bb rt_border_left_mobile=\u00bb\u00bb rt_border_right_mobile=\u00bb\u00bb rt_bg_image_repeat=\u00bbrepeat\u00bb rt_bg_size=\u00bbauto auto\u00bb rt_bg_position=\u00bbright top\u00bb rt_bg_attachment=\u00bbscroll\u00bb rt_padding_top=\u00bb40&#8243; rt_padding_bottom=\u00bb40&#8243; rt_padding_left=\u00bb40&#8243; rt_padding_right=\u00bb40&#8243;]\r\n\t\t\t\t<div id=\"slider-carousel-dynamicID-776486\" class=\"rt-carousel rt-image-carousel carousel-holder clearfix wc-product-carousel woocommerce\" data-item-width=\"1\" data-nav=\"false\" data-dots=\"false\" data-margin=\"14\" data-autoplay=\"false\" data-timeout=\"5000\" data-loop=\"false\" data-tablet-item-width=\"\" data-mobile-item-width=\"1\">\r\n\t\t\t\t\t<div class=\"owl-carousel\">\r\n\t\t\t\t\t\t<div><div class=\"product_item_holder item product\">\n<div class=\"product_item_holder post-3419 product type-product status-publish has-post-thumbnail product_cat-equipamiento-vehicular-mexico first instock shipping-taxable product-type-simple\">\n \n\t\n\t\t<div class=\"featured_image\"><a href=\"https:\/\/www.fics.com.mx\/nova-test\/product\/equipamiento-vehiculaar\/\" class=\"imgeffect link\"><img decoding=\"async\" src=\"https:\/\/www.fics.com.mx\/nova-test\/wp-content\/uploads\/2023\/06\/evm-equipment-640x640.jpg\" alt=\"\" class=\"\" \/><\/a><\/div>\n\t\t<div class=\"product_info\">\n\t\t\t<h5 class=\"clean_heading\"><a href=\"https:\/\/www.fics.com.mx\/nova-test\/product\/equipamiento-vehiculaar\/\">Equipamiento Vehicular<\/a><\/h5>\n\n\t\t\t\t\t\t\t\n\t\t<\/div>  \n\n<\/div><\/div>\n<\/div>\r\n\t\t\t\t\t<\/div>\r\n\t\t\t\t\t\r\n\t\t\t\t<\/div>\r\n\t\t\t[\/vc_column][\/vc_row][vc_row rt_row_background_width=\u00bbfullwidth\u00bb rt_row_content_width=\u00bbdefault\u00bb rt_row_style=\u00bbdefault-style\u00bb rt_row_borders=\u00bb\u00bb rt_grid=\u00bbtrue\u00bb rt_row_paddings=\u00bbtrue\u00bb rt_bg_effect=\u00bbclassic\u00bb rt_bg_image_repeat=\u00bbrepeat\u00bb rt_bg_size=\u00bbcover\u00bb rt_bg_position=\u00bbright top\u00bb rt_bg_attachment=\u00bbscroll\u00bb rt_bg_video_format=\u00bbself-hosted\u00bb rt_padding_top=\u00bb20&#8243; rt_padding_bottom=\u00bb80&#8243;][vc_column rt_wrp_col_paddings=\u00bbfalse\u00bb rt_border_top=\u00bb\u00bb rt_border_bottom=\u00bb\u00bb rt_border_left=\u00bb\u00bb rt_border_right=\u00bb\u00bb rt_border_top_mobile=\u00bb\u00bb rt_border_bottom_mobile=\u00bb\u00bb rt_border_left_mobile=\u00bb\u00bb rt_border_right_mobile=\u00bb\u00bb rt_bg_image_repeat=\u00bbrepeat\u00bb rt_bg_size=\u00bbauto auto\u00bb rt_bg_position=\u00bbright top\u00bb rt_bg_attachment=\u00bbscroll\u00bb css=\u00bb.vc_custom_1421091415717{padding-top: 70px !important;}\u00bb]<article  class=\"icon-content-box content-box icon-top icon-style-3\"><div class=\"icon-holder\"><a href=\"#\" title=\"\" target=\"_self\"><span class=\"icon-ambulance\"><\/span><\/a><\/div><div class=\"text-holder\">\n\t<h4 class=\"heading\">\n\t\t<a href=\"#\" title=\"Desarrollo de Veh\u00edculos de Ataque R\u00e1pido (VAR)\" target=\"_self\">\n\t\t\tDesarrollo de Veh\u00edculos de Ataque R\u00e1pido (VAR)\n\t\t<\/a>\n\t<\/h4> <p class=\"aligncenter\">EVM Desarrolla veh\u00edculos de ataque r\u00e1pido (VAR) que responden a una amplia gama de servicios como; incendios interurbanos, forestales, accidentes automovil\u00edsticos y servicios prehospitalarios.<\/p>\n<p class=\"aligncenter\">Tambi\u00e9n cuenta con la gama de veh\u00edculos forestales en pick-up y ATV&#8217;s.<\/p>\n<\/div><\/article><div class=\"button_wrapper  aligncenter\"><a  href=\"https:\/\/www.fics.com.mx\/nova-test\/wp-content\/uploads\/2023\/07\/CATALOGO-DESIGN-EVM-2023_compressed.pdf\" target=\"_self\" title=\"Descargar Cat\u00e1logo\" class=\"button_  heading-font color medium\" style=\"padding-top:10px;padding-bottom:10px;padding-left:30px;padding-right:30px;\"><span class=\"icon-th\"><\/span>Descargar Cat\u00e1logo<\/a><\/div>[\/vc_column][\/vc_row][vc_row rt_row_background_width=\u00bbdefault\u00bb rt_row_style=\u00bbdefault-style\u00bb rt_row_borders=\u00bb\u00bb rt_row_paddings=\u00bbtrue\u00bb rt_bg_effect=\u00bbclassic\u00bb rt_bg_image_repeat=\u00bbrepeat\u00bb rt_bg_size=\u00bbcover\u00bb rt_bg_position=\u00bbright top\u00bb rt_bg_attachment=\u00bbscroll\u00bb rt_bg_video_format=\u00bbself-hosted\u00bb][vc_column width=\u00bb1\/3&#8243; rt_wrp_col_paddings=\u00bbfalse\u00bb rt_border_top=\u00bb\u00bb rt_border_bottom=\u00bb\u00bb rt_border_left=\u00bb\u00bb rt_border_right=\u00bb\u00bb rt_border_top_mobile=\u00bb\u00bb rt_border_bottom_mobile=\u00bb\u00bb rt_border_left_mobile=\u00bb\u00bb rt_border_right_mobile=\u00bb\u00bb rt_bg_image_repeat=\u00bbrepeat\u00bb rt_bg_size=\u00bbauto auto\u00bb rt_bg_position=\u00bbright top\u00bb rt_bg_attachment=\u00bbscroll\u00bb][vc_single_image image=\u00bb3079&#8243; img_size=\u00bbfull\u00bb][\/vc_column][vc_column width=\u00bb1\/3&#8243; rt_wrp_col_paddings=\u00bbfalse\u00bb rt_border_top=\u00bb\u00bb rt_border_bottom=\u00bb\u00bb rt_border_left=\u00bb\u00bb rt_border_right=\u00bb\u00bb rt_border_top_mobile=\u00bb\u00bb rt_border_bottom_mobile=\u00bb\u00bb rt_border_left_mobile=\u00bb\u00bb rt_border_right_mobile=\u00bb\u00bb rt_bg_image_repeat=\u00bbrepeat\u00bb rt_bg_size=\u00bbauto auto\u00bb rt_bg_position=\u00bbright top\u00bb rt_bg_attachment=\u00bbscroll\u00bb][vc_single_image image=\u00bb3054&#8243; img_size=\u00bbfull\u00bb][\/vc_column][vc_column width=\u00bb1\/3&#8243; rt_wrp_col_paddings=\u00bbfalse\u00bb rt_border_top=\u00bb\u00bb rt_border_bottom=\u00bb\u00bb rt_border_left=\u00bb\u00bb rt_border_right=\u00bb\u00bb rt_border_top_mobile=\u00bb\u00bb rt_border_bottom_mobile=\u00bb\u00bb rt_border_left_mobile=\u00bb\u00bb rt_border_right_mobile=\u00bb\u00bb rt_bg_image_repeat=\u00bbrepeat\u00bb rt_bg_size=\u00bbauto auto\u00bb rt_bg_position=\u00bbright top\u00bb rt_bg_attachment=\u00bbscroll\u00bb][vc_single_image image=\u00bb3624&#8243; img_size=\u00bbfull\u00bb][\/vc_column][\/vc_row][vc_row rt_row_background_width=\u00bbdefault\u00bb rt_row_style=\u00bbdefault-style\u00bb rt_row_borders=\u00bb\u00bb rt_row_paddings=\u00bbtrue\u00bb rt_bg_effect=\u00bbclassic\u00bb rt_bg_image_repeat=\u00bbrepeat\u00bb rt_bg_size=\u00bbcover\u00bb rt_bg_position=\u00bbright top\u00bb rt_bg_attachment=\u00bbscroll\u00bb rt_bg_video_format=\u00bbself-hosted\u00bb][vc_column width=\u00bb1\/3&#8243; rt_wrp_col_paddings=\u00bbfalse\u00bb rt_border_top=\u00bb\u00bb rt_border_bottom=\u00bb\u00bb rt_border_left=\u00bb\u00bb rt_border_right=\u00bb\u00bb rt_border_top_mobile=\u00bb\u00bb rt_border_bottom_mobile=\u00bb\u00bb rt_border_left_mobile=\u00bb\u00bb rt_border_right_mobile=\u00bb\u00bb rt_bg_image_repeat=\u00bbrepeat\u00bb rt_bg_size=\u00bbauto auto\u00bb rt_bg_position=\u00bbright top\u00bb rt_bg_attachment=\u00bbscroll\u00bb][vc_single_image image=\u00bb3627&#8243; img_size=\u00bbfull\u00bb][\/vc_column][vc_column width=\u00bb1\/3&#8243; rt_wrp_col_paddings=\u00bbfalse\u00bb rt_border_top=\u00bb\u00bb rt_border_bottom=\u00bb\u00bb rt_border_left=\u00bb\u00bb rt_border_right=\u00bb\u00bb rt_border_top_mobile=\u00bb\u00bb rt_border_bottom_mobile=\u00bb\u00bb rt_border_left_mobile=\u00bb\u00bb rt_border_right_mobile=\u00bb\u00bb rt_bg_image_repeat=\u00bbrepeat\u00bb rt_bg_size=\u00bbauto auto\u00bb rt_bg_position=\u00bbright top\u00bb rt_bg_attachment=\u00bbscroll\u00bb][vc_single_image image=\u00bb3626&#8243; img_size=\u00bbfull\u00bb][\/vc_column][vc_column width=\u00bb1\/3&#8243; rt_wrp_col_paddings=\u00bbfalse\u00bb rt_border_top=\u00bb\u00bb rt_border_bottom=\u00bb\u00bb rt_border_left=\u00bb\u00bb rt_border_right=\u00bb\u00bb rt_border_top_mobile=\u00bb\u00bb rt_border_bottom_mobile=\u00bb\u00bb rt_border_left_mobile=\u00bb\u00bb rt_border_right_mobile=\u00bb\u00bb rt_bg_image_repeat=\u00bbrepeat\u00bb rt_bg_size=\u00bbauto auto\u00bb rt_bg_position=\u00bbright top\u00bb rt_bg_attachment=\u00bbscroll\u00bb][vc_single_image image=\u00bb3625&#8243; img_size=\u00bbfull\u00bb][\/vc_column][\/vc_row][vc_row rt_row_background_width=\u00bbfullwidth\u00bb rt_row_content_width=\u00bbdefault\u00bb rt_row_style=\u00bbalt-style-1&#8243; rt_column_placement=\u00bbmiddle\u00bb rt_row_borders=\u00bb\u00bb rt_equal_heights=\u00bbtrue\u00bb rt_row_paddings=\u00bbtrue\u00bb rt_bg_effect=\u00bbclassic\u00bb rt_bg_image_repeat=\u00bbrepeat\u00bb rt_bg_size=\u00bbcover\u00bb rt_bg_position=\u00bbright top\u00bb rt_bg_attachment=\u00bbscroll\u00bb rt_bg_video_format=\u00bbself-hosted\u00bb rt_padding_top=\u00bb80&#8243; rt_padding_bottom=\u00bb80&#8243;][vc_column rt_wrp_col_paddings=\u00bbfalse\u00bb rt_border_top=\u00bb\u00bb rt_border_bottom=\u00bb\u00bb rt_border_left=\u00bb\u00bb rt_border_right=\u00bb\u00bb rt_border_top_mobile=\u00bb\u00bb rt_border_bottom_mobile=\u00bb\u00bb rt_border_left_mobile=\u00bb\u00bb rt_border_right_mobile=\u00bb\u00bb rt_bg_image_repeat=\u00bbrepeat\u00bb rt_bg_size=\u00bbauto auto\u00bb rt_bg_position=\u00bbright top\u00bb rt_bg_attachment=\u00bbscroll\u00bb]<div class=\"rt_heading_wrapper style-4\">\n\t\t\t\t\t\t<span class=\"punchline\">COTIZACIONES Y ASESOR\u00cdAS<\/span><h4 class=\"rt_heading  with_punchline style-4\" >Cotizaci\u00f3n, soluciones y asesor\u00eda para armar tu proyecto<\/h4>\n\t\t\t\t\t<\/div>[vc_column_text]<\/p>\n<p style=\"text-align: center;\">Cualquiera que sea la naturaleza, alcance y objetivos de tu proyecto, no dudes en contactarnos, siempre estaremos contentos de asesorar y encontrar las mejores soluciones.<\/p>\n<p>[\/vc_column_text][vc_empty_space height=\u00bb20px\u00bb]<div class=\"button_wrapper  aligncenter\"><a  href=\"https:\/\/www.fics.com.mx\/nova-test\/contacto-nes-mexico\/\" target=\"_self\" title=\"Solicitar Cotizaci\u00f3n\" class=\"button_  heading-font color medium\" style=\"padding-top:10px;padding-bottom:10px;padding-left:30px;padding-right:30px;\"><span class=\"icon-angle-right\"><\/span>Solicitar Cotizaci\u00f3n<\/a><\/div>[\/vc_column][\/vc_row][vc_row rt_row_background_width=\u00bbfullwidth\u00bb rt_row_content_width=\u00bbfullwidth\u00bb rt_row_style=\u00bbalt-style-1&#8243; rt_row_borders=\u00bb\u00bb rt_col_anim=\u00bbtrue\u00bb rt_row_paddings=\u00bbtrue\u00bb rt_bg_effect=\u00bbclassic\u00bb rt_bg_image_repeat=\u00bbrepeat\u00bb rt_bg_size=\u00bbcover\u00bb rt_bg_position=\u00bbright top\u00bb rt_bg_attachment=\u00bbscroll\u00bb rt_bg_video_format=\u00bbself-hosted\u00bb rt_padding_top=\u00bb50&#8243; rt_padding_bottom=\u00bb50&#8243; rt_bg_color=\u00bb#a5a5a5&#8243;][vc_column rt_wrp_col_paddings=\u00bbfalse\u00bb rt_border_top=\u00bb\u00bb rt_border_bottom=\u00bb\u00bb rt_border_left=\u00bb\u00bb rt_border_right=\u00bb\u00bb rt_border_top_mobile=\u00bb\u00bb rt_border_bottom_mobile=\u00bb\u00bb rt_border_left_mobile=\u00bb\u00bb rt_border_right_mobile=\u00bb\u00bb rt_bg_image_repeat=\u00bbrepeat\u00bb rt_bg_size=\u00bbauto auto\u00bb rt_bg_position=\u00bbright top\u00bb rt_bg_attachment=\u00bbscroll\u00bb]\r\n\t\t\t\t<div id=\"slider-image-carousel-683827\" class=\"rt-carousel rt-image-carousel carousel-holder clearfix rt-image-carousel \" data-item-width=\"5\" data-nav=\"true\" data-dots=\"false\" data-margin=\"60\" data-autoplay=\"false\" data-timeout=\"5000\" data-loop=\"true\" data-tablet-item-width=\"3\" data-mobile-item-width=\"1\">\r\n\t\t\t\t\t<div class=\"owl-carousel\">\r\n\t\t\t\t\t\t<div><img decoding=\"async\" src=\"https:\/\/www.fics.com.mx\/nova-test\/wp-content\/uploads\/2023\/07\/NOVA-Mexico.png\" alt=\"\" itemprop=\"image\"><\/div><div><img decoding=\"async\" src=\"https:\/\/www.fics.com.mx\/nova-test\/wp-content\/uploads\/2023\/06\/syncro.png\" alt=\"\" itemprop=\"image\"><\/div><div><img decoding=\"async\" src=\"https:\/\/www.fics.com.mx\/nova-test\/wp-content\/uploads\/2023\/06\/scrops.png\" alt=\"\" itemprop=\"image\"><\/div><div><img decoding=\"async\" src=\"https:\/\/www.fics.com.mx\/nova-test\/wp-content\/uploads\/2023\/06\/ruth-lee.png\" alt=\"\" itemprop=\"image\"><\/div><div><img decoding=\"async\" src=\"https:\/\/www.fics.com.mx\/nova-test\/wp-content\/uploads\/2023\/06\/fas.png\" alt=\"\" itemprop=\"image\"><\/div><div><img decoding=\"async\" src=\"https:\/\/www.fics.com.mx\/nova-test\/wp-content\/uploads\/2023\/06\/migi.png\" alt=\"\" itemprop=\"image\"><\/div><div><img decoding=\"async\" src=\"https:\/\/www.fics.com.mx\/nova-test\/wp-content\/uploads\/2023\/06\/mt.png\" alt=\"\" itemprop=\"image\"><\/div><div><img decoding=\"async\" src=\"https:\/\/www.fics.com.mx\/nova-test\/wp-content\/uploads\/2023\/06\/petzel.png\" alt=\"\" itemprop=\"image\"><\/div><div><img decoding=\"async\" src=\"https:\/\/www.fics.com.mx\/nova-test\/wp-content\/uploads\/2023\/06\/pok.png\" alt=\"\" itemprop=\"image\"><\/div><div><img decoding=\"async\" src=\"https:\/\/www.fics.com.mx\/nova-test\/wp-content\/uploads\/2023\/06\/rexponder.png\" alt=\"\" itemprop=\"image\"><\/div><div><img decoding=\"async\" src=\"https:\/\/www.fics.com.mx\/nova-test\/wp-content\/uploads\/2023\/06\/romak-fire.png\" alt=\"\" itemprop=\"image\"><\/div><div><img decoding=\"async\" src=\"https:\/\/www.fics.com.mx\/nova-test\/wp-content\/uploads\/2023\/06\/3f.png\" alt=\"\" itemprop=\"image\"><\/div><div><img decoding=\"async\" src=\"https:\/\/www.fics.com.mx\/nova-test\/wp-content\/uploads\/2023\/06\/evm.png\" alt=\"\" itemprop=\"image\"><\/div>\r\n\t\t\t\t\t<\/div>\r\n\t\t\t\t\t\r\n\t\t\t\t<\/div>\r\n\t\t\t[\/vc_column][\/vc_row]<\/p>\n<\/div>","protected":false},"excerpt":{"rendered":"<p>[vc_row full_height=\u00bbyes\u00bb rt_row_background_width=\u00bbfullwidth\u00bb rt_row_content_width=\u00bbdefault\u00bb rt_row_style=\u00bbdefault-style\u00bb rt_column_placement=\u00bbmiddle\u00bb rt_row_borders=\u00bb\u00bb rt_grid=\u00bbtrue\u00bb rt_row_paddings=\u00bbtrue\u00bb rt_bg_image=\u00bb3629&#8243; rt_bg_effect=\u00bbparallax\u00bb rt_bg_parallax_effect=\u00bb3&#8243; rt_pspeed=\u00bb1&#8243; rt_bg_image_repeat=\u00bbno-repeat\u00bb rt_bg_size=\u00bbcover\u00bb rt_bg_position=\u00bbcenter bottom\u00bb rt_bg_video_format=\u00bbself-hosted\u00bb rt_padding_top=\u00bb220&#8243; rt_padding_bottom=\u00bb80&#8243; rt_padding_left=\u00bb0&#8243; rt_padding_right=\u00bb0&#8243; rt_bg_overlay_color=\u00bbrgba(10,10,10,0.25)\u00bb][vc_column width=\u00bb2\/3&#8243; rt_wrp_col_paddings=\u00bbfalse\u00bb rt_border_top=\u00bb\u00bb rt_border_bottom=\u00bb\u00bb rt_border_left=\u00bb\u00bb rt_border_right=\u00bb\u00bb rt_border_top_mobile=\u00bb\u00bb rt_border_bottom_mobile=\u00bb\u00bb rt_border_left_mobile=\u00bb\u00bb rt_border_right_mobile=\u00bb\u00bb rt_bg_image_repeat=\u00bbrepeat\u00bb rt_bg_size=\u00bbauto auto\u00bb rt_bg_position=\u00bbright top\u00bb rt_bg_attachment=\u00bbscroll\u00bb rt_padding_top=\u00bb80&#8243; rt_padding_bottom=\u00bb80&#8243; rt_padding_left=\u00bb40&#8243; rt_padding_right=\u00bb40&#8243; rt_bg_color=\u00bbrgba(0,0,0,0)\u00bb][vc_single_image image=\u00bb3799&#8243; img_size=\u00bbmedium\u00bb alignment=\u00bbcenter\u00bb][vc_empty_space height=\u00bb5px\u00bb][vc_empty_space][\/vc_column][vc_column width=\u00bb1\/3&#8243; rt_color_set=\u00bbdefault-style\u00bb rt_wrp_col_paddings=\u00bbfalse\u00bb rt_border_top=\u00bb\u00bb rt_border_bottom=\u00bb\u00bb rt_border_left=\u00bb\u00bb rt_border_right=\u00bb\u00bb [&hellip;]<\/p>\n","protected":false},"author":1,"featured_media":0,"parent":0,"menu_order":0,"comment_status":"open","ping_status":"closed","template":"","meta":{"footnotes":""},"class_list":["post-3240","page","type-page","status-publish","hentry"],"_links":{"self":[{"href":"https:\/\/www.fics.com.mx\/nova-test\/wp-json\/wp\/v2\/pages\/3240","targetHints":{"allow":["GET"]}}],"collection":[{"href":"https:\/\/www.fics.com.mx\/nova-test\/wp-json\/wp\/v2\/pages"}],"about":[{"href":"https:\/\/www.fics.com.mx\/nova-test\/wp-json\/wp\/v2\/types\/page"}],"author":[{"embeddable":true,"href":"https:\/\/www.fics.com.mx\/nova-test\/wp-json\/wp\/v2\/users\/1"}],"replies":[{"embeddable":true,"href":"https:\/\/www.fics.com.mx\/nova-test\/wp-json\/wp\/v2\/comments?post=3240"}],"version-history":[{"count":31,"href":"https:\/\/www.fics.com.mx\/nova-test\/wp-json\/wp\/v2\/pages\/3240\/revisions"}],"predecessor-version":[{"id":3840,"href":"https:\/\/www.fics.com.mx\/nova-test\/wp-json\/wp\/v2\/pages\/3240\/revisions\/3840"}],"wp:attachment":[{"href":"https:\/\/www.fics.com.mx\/nova-test\/wp-json\/wp\/v2\/media?parent=3240"}],"curies":[{"name":"wp","href":"https:\/\/api.w.org\/{rel}","templated":true}]}}